294/12 + n/2.
5
Let l(t) = -t**2 - 5*t + 7. Let o be l(-6). Let n(r) = 113*r**2 + 3*r - 2. Let m be n(o). What are the prime factors of m/(-9)*12/(-8)?
19
Let v = 161 - -281. Suppose 0*y + 3*y - 462 = 3*l, v = 3*y + 2*l. Suppose -105 - y = -5*g. What are the prime factors of g?
3, 17
Let h = 3 - 0. Suppose h*m + 320 = 5*u, 0 = 3*u - 3*m + 25 - 217. What are the prime factors of u?
2
Suppose 4793 = -7*n + 12206. What are the prime factors of n?
3, 353
Let v(f) = -f**3 - 7*f**2 - 2*f - 11. Let i be v(-7). Let m(h) = 7*h**2 - 2*h - 7. List the prime factors of m(i).
2, 5
Let c = 25 - 28. What are the prime factors of 225/3 - (c - 0)?
2, 3, 13
Suppose -27 + 18 = p. Let y(j) = -j**3 - 10*j**2 - 13*j - 4. What are the prime factors of y(p)?
2
Suppose 0 = 4*k + 5*m - 121, -4*m - 34 - 18 = -3*k. Suppose k = 2*a + 2*a. What are the prime factors of a + -8 - (-28 + 0)?
2, 13
Suppose 0 = -2*p - 4*z - 18, z + 21 + 12 = -2*p. Let f = p - -23. List the prime factors of f.
2
Let z(d) be the second derivative of -1/12*d**4 + 3*d - 3*d**2 + 0 - 2*d**3. What are the prime factors of z(-8)?
2, 13
What are the prime factors of (-392007)/154*4/(-6)?
1697
Let p be (-2 - -5) + 2 + 0. Suppose -17 = -x - p. What are the prime factors of (x/(-8))/((-2)/52)?
3, 13
Let y(g) be the first derivative of -1/3*g**3 - 5 - 1/2*g**2 - g - 11/2*g**4. What are the prime factors of y(-1)?
3, 7
Let s be 7/((-154)/(-40)) + 2/11. Suppose 5*p + 40 = h + 4, -3*h + 40 = s*p. List the prime factors of h.
2
Let m = -20 + 24. Suppose -m = -3*x + 2. Suppose 0 = -3*w - 9, -3*i - x*w + 12 = -66. What are the prime factors of i?
2, 7
Let r be (-5)/(-40) - 15/(-8). Suppose r*v = p + 146, 3*v - 283 = 4*p - 64. Let c = -19 + v. List the prime factors of c.
2, 3
Suppose -3*s + 306 = -2*s + 2*i, 0 = -4*i - 12. What are the prime factors of s?
2, 3, 13
Let u = 71 + -69. Let r(k) be the second derivative of 2*k**3 - 3*k**2 + 5*k. What are the prime factors of r(u)?
2, 3
Suppose -8 = -n - n. Suppose 0 = -5*c + 2*k + 49 + 79, -n*c = 2*k - 106. What are the prime factors of (-39)/c + 67/2?
2
List the prime factors of (-125)/50*2448/(-10).
2, 3, 17
Suppose 0*v - 2*y - 395 = -v, y = -1. What are the prime factors of v?
3, 131
Suppose -t + 4*t - 201 = 0. Let v(f) = -2*f. Let m be v(0). Suppose m = -5*g + 3*h + t, g - 3*h - 12 = -1. What are the prime factors of g?
2, 7
List the prime factors of 45/(-180) - (-8725)/4.
3, 727
Suppose -13*f - 12 = -16*f. Suppose 0 = 2*b - 4*r - 4, -f*b = -b - 3*r - 9. Suppose b*z = -3*g + g + 16, 0 = 3*g + 6. List the prime factors of z.
5
Let j = 569 - 284. List the prime factors of j.
3, 5, 19
Let n be 885/6*-4*1/(-10). Let z(r) = -5*r + 6. Let q be z(8). Let p = n + q. List the prime factors of p.
5
Let h(u) = 2858*u**2 - 48*u - 46. List the prime factors of h(-1).
2, 5, 11, 13
Suppose -4*b + 19*v = 20*v - 9136, 3*b + 4*v - 6852 = 0. What are the prime factors of b?
2, 571
Suppose 0 = -4*l + 3*m + 285, 3*l = -4*m + 310 - 90. Let j = l + -28. Suppose j = u + 3*s, 3*s + s - 4 = 0. List the prime factors of u.
41
Suppose 3*d - 5594 = -a - 2*d, -28066 = -5*a - d. List the prime factors of a.
2, 7, 401
Suppose -5*y = -18 - 92. Let s = y + 85. What are the prime factors of s?
107
Let y(q) = -3 + 4*q - 1 - 2. Let x be y(-3). Let b = 22 + x. What are the prime factors of b?
2
List the prime factors of -7 + 196*12 - 11.
2, 3, 389
Let n be (36/30)/((-6)/(-15)). Let f(a) = a**3 - 4*a**n + 0*a**3 - a**2 + a. List the prime factors of f(-2).
2, 3
Suppose -r - 5*q = -1480, -2*r + 2918 = -0*r - 4*q. List the prime factors of r.
5, 293
Let d = 176 + 95. List the prime factors of d.
271
Suppose -m + 2*f - 6 = 0, 2 = 2*m + 4*f - 10. Suppose 5*x - 3*x - 80 = m. What are the prime factors of x?
2, 5
Suppose 3*d + 5*z + 24 = 0, -d + 3*d + 15 = -3*z. Let u(g) = g**3 + 3*g**2 + 2. Let w be u(d). What are the prime factors of (-141)/w*14/(-21)?
47
Let p = -31 + 31. List the prime factors of -41*(4 - p)/(-4).
41
List the prime factors of 514 + 3/6*-6.
7, 73
What are the prime factors of -18*3/45*(-2049 + -1)?
2, 3, 5, 41
What are the prime factors of (-2)/(-3) + (-16783)/(-39)?
431
Let w = 18 - -7. Suppose -5*k = 3*m + m + 112, -m = 2*k + w. Let n = m - -55. What are the prime factors of n?
2, 11
Let y be -71 + (-11)/(44/16). What are the prime factors of 1025/4 - y/(-60)?
3, 5, 17
Suppose 109*b - 7280 = 104*b. What are the prime factors of b?
2, 7, 13
Let l = -1249 + 2267. What are the prime factors of l?
2, 509
Let t = -917 + 2503. List the prime factors of t.
2, 13, 61
Let h(j) = -239*j**3 - 2*j**2 + 12*j + 21. What are the prime factors of h(-2)?
1901
Suppose 3*b = n - 29 - 321, 0 = 2*b. What are the prime factors of n?
2, 5, 7
Suppose 6*c - 23457 + 627 = 0. What are the prime factors of c?
5, 761
What are the prime factors of 47/1 - (-11 + 9 + -1)?
2, 5
Let h(x) be the first derivative of -5*x + 3/2*x**2 - 2. What are the prime factors of h(4)?
7
Let j be (1 - 2)*(-2 - 2). Suppose 2*w = 4*w + j. What are the prime factors of (-3 - w)*9/(-1)?
3
Let y = -13 - -7. Let l be (28/(-8) - -3)*y. Suppose 5*z = -3*j + 23, -l*j - 84 = -7*j + 4*z. What are the prime factors of j?
2
Let g be (104/65)/((-4)/130). List the prime factors of 5/2*g/(-65).
2
Let h = 58 + 94. Suppose -5*q + 133 + h = 0. What are the prime factors of q - (-7)/((-7)/4)?
53
Let n(u) = -u**3 + 28*u**2 - 16*u - 7. List the prime factors of n(11).
2, 937
Let n(f) = -69*f**3 + 3*f**2 + f. Let g = 90 - 91. List the prime factors of n(g).
71
Let n(h) = -2*h**2 - 54*h - 49. Let a be n(-26). Suppose -a*u + 386 = -19. What are the prime factors of u?
3, 5
Let u(n) = 35 - n + 14 - 5. Let k be 0*5/5*(2 + -1). What are the prime factors of u(k)?
2, 11
Let m(g) = 2*g - 12. Let j be m(9). Let c = j + 9. Suppose c + 4 = d. List the prime factors of d.
19
Let x = -133 - -1062. List the prime factors of x.
929
Suppose 16 = -6*g + 10*g. List the prime factors of 2/g*(59 + -9).
5
Let f(g) = 4*g**2. Suppose 3*b + 5*o - 42 = -0*o, 0 = -3*b + 3*o + 66. Suppose -b = -0*v - v - 5*y, 3*y = 9. List the prime factors of f(v).
2
Suppose 0 = 4*p - 2*p - 8. Suppose p*j - j = -72. Let z = j - -38. What are the prime factors of z?
2, 7
Let q = -1619 + 4039. What are the prime factors of q?
2, 5, 11
Let v(j) = 4*j**2 - 11*j + 7. Let z be v(7). Suppose r + r = 0. Suppose r*i - 141 = -4*i + 5*c, -z = -3*i - 3*c. List the prime factors of i.
3, 13
Suppose -l = 2*c - 43, -l = 3*c - 48 - 17. List the prime factors of -3*(-4)/6 - (c + -144).
2, 31
Suppose 3*f - 2094 = -4*o - 2*f, 0 = 2*o + f - 1050. What are the prime factors of o?
2, 263
Let f(m) be the first derivative of 1/4*m**4 - 5/3*m**3 + 1/2*m**2 - m + 10. What are the prime factors of f(6)?
41
Suppose -41111 = -613*m + 606*m. List the prime factors of m.
7, 839
Let i = 1498 - 968. What are the prime factors of i?
2, 5, 53
Let x(q) = 17*q**2 + 2*q + 2. Suppose 0 = 4*u - 9 - 3. Let w be x(u). Suppose -w + 9 = -4*s. List the prime factors of s.
2, 19
Let y = -14 + 4. Let w(d) = -13*d - 17. What are the prime factors of w(y)?
113
Let c(x) = -93*x**3 + 6*x + 50*x**3 + 44*x**3 - 3*x**2 - 5. Suppose d = -d + 8. What are the prime factors of c(d)?
5, 7
Suppose -5*m - 2 = -p, -5*p + 3*m - 5*m + 10 = 0. Let b = 17 + -14. Suppose -b*x + p*x = -33. What are the prime factors of x?
3, 11
Let r(o) = o**3 - o**2 - 4*o + 2023. What are the prime factors of r(0)?
7, 17
Let q(v) = -8*v**2 + 6*v + 4. Let w be q(-7). List the prime factors of w/(-4) + (-6)/(-12).
2, 3
Suppose 1360 = 82*d - 77*d. What are the prime factors of d?
2, 17
Let u = -68 + 71. Suppose -3*v + k = -348, -u*v - 3*k + 193 + 143 = 0. What are the prime factors of v?
5, 23
Suppose -4*s + 3*s - 3*b = -9, -5*b = 2*s - 16. Let z(p) = -p**2 - 9*p - 3. Let x be z(-5). Suppose -s*t - w = -x, -t = t + w - 10. List the prime factors of t.
7
Suppose 0 = -v + 5*j + 949 + 264, 0 = -2*v - 5*j + 2411. List the prime factors of v.
2, 151
Suppose 6*z = 5*g + 2*z - 23, -4*g + 43 = 5*z. Suppose -g*f + 13 + 1 = 0. List the prime factors of f.
2
List the prime factors of (17*23 - (-16 - -13)) + -2.
2, 7
Suppose i = 5*i - 1580. List the prime factors of i.
5, 79
Suppose 3*u - 241 + 1 = 3*p, 0 = -2*u - 3*p + 160. Let d = 251 - u. List the prime factors of d.
3, 19
Let p = 30 - 2